se
Is 232470391667 prime?
False
Is 2236871617 a composite number?
False
Is 403427589877 prime?
False
Is 22720367191 a prime number?
False
Is 61617339263 a composite number?
True
Is 35801299229 prime?
False
Is 356569133 a composite number?
False
Is 194377103 a composite number?
False
Is 67763369 prime?
True
Is 406251029 prime?
False
Is 89479811 a prime number?
True
Is 161986063 a prime number?
False
Is 13922219131 a composite number?
False
Is 50324861497 a composite number?
False
Is 594803513 prime?
True
Is 12241082377 a composite number?
False
Is 1797062093 prime?
True
Is 8725309309 a composite number?
False
Is 264470957 a composite number?
False
Is 20895503 a prime number?
True
Is 1414155833 a composite number?
True
Is 12392730191 prime?
True
Is 157282033 a prime number?
True
Is 229459667 prime?
True
Is 30584210819 composite?
True
Is 4150256159 a prime number?
False
Is 312380018 a composite number?
True
Is 1253390167 composite?
True
Is 512741167 a composite number?
False
Is 1200713257 a prime number?
False
Is 15835050173 a composite number?
True
Is 1070870689 a composite number?
True
Is 815149813 a composite number?
True
Is 1922048903 composite?
False
Is 2238476133 a composite number?
True
Is 901500269 composite?
False
Is 11580901 composite?
True
Is 26316798227 a composite number?
False
Is 1155228461 composite?
True
Is 1993531879 composite?
False
Is 5527443071 a prime number?
True
Is 9395571391 prime?
True
Is 25541387579 composite?
False
Is 495727481 a composite number?
False
Is 199919877 composite?
True
Is 1277891843 composite?
False
Is 29997270779 a composite number?
True
Is 5465618359 a composite number?
True
Is 23760191641 prime?
True
Is 64235918767 prime?
True
Is 939166 composite?
True
Is 228011 composite?
True
Is 27507044131 prime?
False
Is 1571889727 a composite number?
False
Is 13255946213 a composite number?
False
Is 46212042805 prime?
False
Is 313782427765 prime?
False
Is 108929073017 a prime number?
True
Is 1285838971 a composite number?
False
Is 52263832577 composite?
True
Is 5904455723 a prime number?
True
Is 27667212977 a composite number?
False
Is 220333961 a prime number?
True
Is 2506396579 composite?
False
Is 3319098323 a prime number?
False
Is 5128022267 a composite number?
False
Is 30634629497 composite?
False
Is 6707023787 a composite number?
True
Is 33358578727 a composite number?
True
Is 1013293751 a composite number?
False
Is 113510443 a composite number?
True
Is 2343041593 a prime number?
True
Is 31932317273 composite?
False
Is 8147847011 composite?
False
Is 3255968531 a prime number?
True
Is 4504450697 a composite number?
False
Is 17739996089 composite?
False
Is 32329135381 composite?
False
Is 558766097 composite?
False
Is 4799219311 composite?
True
Is 15483403907 composite?
False
Is 72565520462 a prime number?
False
Is 1572217079 a prime number?
True
Is 56607291701 a prime number?
True
Is 5852928247 a prime number?
False
Is 388802209009 a prime number?
False
Is 3445013323 prime?
False
Is 347252263 composite?
True
Is 4680283331 prime?
True
Is 1761022379 a prime number?
False
Is 168456583 a composite number?
False
Is 5699028791 a prime number?
True
Is 6872555003 prime?
True
Is 3901665613 a prime number?
False
Is 1098001997 composite?
False
Is 26275838159 a composite number?
False
Is 90743149643 a prime number?
True
Is 38477513387 a prime number?
False
Is 1181948519 a composite number?
True
Is 3580800089 a composite number?
True
Is 54662584297 composite?
False
Is 9648325649 a prime number?
True
Is 2646705211 prime?
True
Is 170130593 a prime number?
True
Is 6439532219 prime?
True
Is 76150272049 a prime number?
True
Is 8014376323 a composite number?
True
Is 4483798349 a prime number?
True
Is 644181961 prime?
True
Is 197742011381 composite?
False
Is 16858104581 a prime number?
True
Is 206974019 a prime number?
False
Is 562540943 a composite number?
False
Is 1903930879 a prime number?
True
Is 1772870233 composite?
False
Is 6226433887 composite?
False
Is 88703962549 a composite number?
False
Is 351857393 prime?
True
Is 549927601 prime?
True
Is 12668836513 a composite number?
False
Is 2044435123 composite?
False
Is 2186125195 prime?
False
Is 114218526731 composite?
False
Is 7021477777 a composite number?
True
Is 9586801535 a composite number?
True
Is 1838122777 prime?
True
Is 2665165673 prime?
True
Is 800868815 a composite number?
True
Is 3008422415 composite?
True
Is 438428269 a composite number?
False
Is 82538039 a composite number?
True
Is 8971637977 a composite number?
False
Is 1381812743 a composite number?
False
Is 140133373 a prime number?
True
Is 5768678611 a composite number?
False
Is 1274270059 a prime number?
False
Is 2056437841 prime?
True
Is 103022770267 prime?
True
Is 28261487171 a composite number?
True
Is 3299567786 a prime number?
False
Is 5829153191 composite?
False
Is 19010347981 a prime number?
False
Is 2511048793 a composite number?
True
Is 264195023 composite?
False
Is 84641551 a composite number?
False
Is 101253235 composite?
True
Is 4777604281 prime?
False
Is 20939593 composite?
False
Is 11769148489 prime?
False
Is 19509515581 composite?
True
Is 12117115429 composite?
False
Is 267133751 a composite number?
False
Is 34521535453 composite?
True
Is 6651817 prime?
False
Is 1443853459 a composite number?
False
Is 6889626223 prime?
True
Is 2447186387 a prime number?
True
Is 20837663513 a prime number?
False
Is 17321346797 a prime number?
True
Is 7704738119 a prime number?
False
Is 479555063 composite?
True
Is 63809440601 composite?
True
Is 1976966261 a composite number?
True
Is 57544625561 prime?
False
Is 11821273973 a prime number?
False
Is 165036800821 composite?
True
Is 320273711 prime?
True
Is 21816338081 prime?
True
Is 12052233461 composite?
False
Is 886817111 a composite number?
True
Is 2124572273 prime?
True
Is 150502532501 a composite number?
False
Is 1215519719 a composite number?
False
Is 7734646099 a composite number?
False
Is 196463741 composite?
False
Is 1064490131 composite?
True
Is 160758579067 a composite number?
False
Is 5834171659 composite?
True
Is 2182216483 composite?
True
Is 6673776877 composite?
True
Is 12311980559 a prime number?
True
Is 15736443379 prime?
True
Is 2075367319 a prime number?
False
Is 135318847 composite?
True
Is 409325369 a prime number?
True
Is 48428927753 a composite number?
False
Is 30803610093 a prime number?
False
Is 46641403379 a composite number?
False
Is 39793751579 a prime number?
False
Is 1791491609 a prime number?
True
Is 1543720391 composite?
True
Is 30937430987 composite?
False
Is 5141680487 prime?
True
Is 284259743 prime?
True
Is 608835989 composite?
True
Is 6516486671 a prime number?
True
Is 6155963297 composite?
True
Is 517278217 a prime number?
False
Is 22645358191 a prime number?
False
Is 16171856131 prime?
True
Is 326876519 a composite number?
True
Is 206315873 a prime number?
False
Is 14847633313 prime?
True
Is 77347973 a prime number?
True
Is 4078042987 a composite number?
True
Is 8125178759 prime?
True
Is 10280623057 composite?
False
Is 589351729 a prime number?
True
Is 126952187 a composite number?
False
Is 176313317 a composite number?
False
Is 501202249 a composite number?
False
Is 7464840395 prime?
False
Is 674493335 composite?
True
Is 2804803867 prime?
False
Is 20123514051 composite?
True
Is 398996279 composite?
True
Is 18128065391 a composite number?
False
Is 6163796677 composite?
True
Is 5477217353 composite?
False
Is 24329282317 a prime number?
False
Is 206675635295 prime?
False
Is 5908404071 a prime number?
True
Is 9952040498 a prime number?
False
Is 6145800839 a composite number?
True
Is 5888985523 prime?
True
Is 1863566057 prime?
False
Is 108217885687 composite?
False
Is 197296245799 composite?
False
Is 36404389 a composite number?
True
Is 76789413557 a prime number?
False
Is 1486899523 a composite number?
False
Is 13210554103 a composite number?
False
Is 1105413598 a prime number?
False
Is 6738445891 composite?
True
Is 21098852111 a composite number?
True
Is 77145061043 prime?
True
Is 995381903 a prime number?
True
Is 859471651 a prime number?
True
Is 9298531807 a composite number?
True
Is 173337487 a composite number?
True
Is 9553171057 prime?
True
Is 24302197783 composite?
False
Is 72999922057 a prime number?
False
Is 8241080187